. Let c be g(-1). Let f = -12 - c. What is the greatest common divisor of f and 6?
2
Let v = 6 - 4. Suppose v*h - h = 23. Let m = h + -11. Calculate the greatest common factor of 18 and m.
6
Let g be (1/1)/((-2)/(-6)). Let k(r) = -3*r - r + 5*r - 4 - g*r. Let y be k(-5). What is the highest common divisor of 66 and y?
6
Let y be 18/(-4)*1000/(-75). Let g = -9 + 3. Let h(l) = -4*l - 9. Let x be h(g). What is the greatest common divisor of x and y?
15
Suppose 10 - 15 = 5*j. Let i be (j - -13) + (3 - 0 - 3). Calculate the highest common factor of 15 and i.
3
Suppose 0 = x - 66 - 123. Suppose 3*q - 55 = -2*y, -16 = 5*y + 4. What is the greatest common divisor of q and x?
21
Let h be ((-9 - -13)/((-2)/(-8)))/2. Calculate the highest common factor of 32 and h.
8
Let p = -140 - -196. Let r(j) = -j**2 - 11*j - 1. Let s be r(-8). Let h = s + -9. What is the greatest common divisor of h and p?
14
Let f = -20 - -44. Suppose 0 = 4*n + 4, 0 = -o - 3*n + 7 - 5. Let r = f - o. What is the highest common factor of r and 76?
19
Let q = -49 + 48. Let w = -6 + 4. Let o be w/(-2)*(-78)/q. What is the highest common divisor of 13 and o?
13
Let t be 21/(-14)*1120/(-12). What is the greatest common factor of 28 and t?
28
Let y be 53/2 + 2/(-4). Suppose 2*w - 8 = -26. Let n be (-216)/4*39/w. Calculate the greatest common divisor of y and n.
26
Let j be (-1 - -3)*(6 + (-6)/(-3)). Suppose j + 3 = u. What is the greatest common divisor of 76 and u?
19
Let r be ((-88)/(-154))/(1/(-4466)*-4). What is the highest common divisor of r and 66?
22
Suppose -4*u = 14 - 2. Let x(w) = -7*w - 2. Let l be x(u). What is the highest common factor of 95 and l?
19
Let q = 3303 - 2120. Calculate the greatest common factor of q and 7.
7
Let f = 347 + -291. Calculate the greatest common divisor of 104 and f.
8
Suppose -4*h - 25 = h, 2*v - 721 = 3*h. Let r = 507 - v. Calculate the highest common factor of r and 14.
14
Suppose -24*p + 20978 = -6238. Calculate the highest common divisor of p and 252.
126
Let j = -104 + 168. Let k = -2598 - -2694. Calculate the greatest common factor of k and j.
32
Let s = 2848 + -2734. Calculate the greatest common divisor of 969 and s.
57
Suppose 3*p - 65 = -4*t, -53 = -2*t - t + 2*p. Suppose 5*u - 4*j = 785, 0*j = -2*j - 10. What is the highest common factor of u and t?
17
Suppose 132*p = 127*p + 375. What is the highest common factor of p and 425?
25
Let c be 1 + (-8 - -4 - -2). Let o be (-28)/(-6) + c/(-3). Calculate the greatest common divisor of 2 and o.
1
Let w = 146 - 66. Suppose -10*s - 153 = 4*h - 11*s, 2*h - s + 79 = 0. Let n = 57 + h. What is the highest common factor of w and n?
20
Suppose -4*o - 1155 = -15*o. Calculate the greatest common divisor of o and 285.
15
Let c(a) = 14*a**2 + 1. Let n be c(-1). Let l be 996/33 + (8/44)/(-1). What is the greatest common factor of n and l?
15
Let v(f) = 2*f**2 + 13*f + 11. Let p be v(-8). Let i be (-56)/10*(-85)/34. Calculate the greatest common divisor of p and i.
7
Let f = -176 - -560. Calculate the greatest common divisor of 6 and f.
6
Let m(h) = -h + 10. Let a be m(6). Let t be -2 - (-2 + (-32)/a). Let u be 2/t + (-638)/(-8). Calculate the greatest common factor of 20 and u.
20
Let k be 2/(-14) - 2186/(-14). Suppose 2676 = -6*i - k. Let m be (i/(-4))/2 - 3. What is the greatest common divisor of m and 14?
14
Let z(w) = -4*w + 16. Suppose 0 = -9*f + 13*f + 44. Let b be z(f). Let y = 53 - 38. Calculate the highest common factor of b and y.
15
Suppose 46*d - 39*d + 280 = 0. Let y = 41 - d. Calculate the greatest common factor of y and 3.
3
Let k be 3/(-1*(-4 + 3)). Let x be (-3)/(-6)*12 - k. Suppose -4*d + 12 = -b, 3*b + x*d + d - 28 = 0. Calculate the highest common divisor of b and 32.
4
Suppose -67 = 3*j - 172. Suppose 6*l + j = l - 5*w, -2*l - 3*w - 15 = 0. Let c be (3/(-9))/(l/216). Calculate the greatest common divisor of c and 6.
6
Suppose -4*b - 8 = -4*r, -2*r - b - 3*b - 20 = 0. Let d be (r/(-6))/(1/(-33)). Let t = d - -25. Calculate the greatest common factor of 98 and t.
14
Let t be (-1)/2 + 898/4. Suppose 119 = l + l + p, -5*l + 5*p + 275 = 0. Let f = l + -30. Calculate the greatest common divisor of t and f.
28
Let j be ((-2721)/(-27) - 2) + 10/45. What is the highest common divisor of 45 and j?
9
Let l be 5*(-3)/90*-18. Calculate the greatest common factor of l and 201.
3
Let q be (-830)/(-4) - (-3)/6. Let d be ((-26)/(-3))/((-1)/9*-3). What is the highest common divisor of q and d?
26
Let w(s) = -3*s**2 + 120*s - 816. Let y be w(31). Let b be 0 - 1 - (-1 + -42). What is the greatest common factor of b and y?
21
Suppose -y - 9 = 3*v + 2*y, -5*y - 7 = v. Let i be (v - (-140)/15)*(-27)/(-6). Calculate the greatest common divisor of 11 and i.
11
Let k be ((-4)/5)/(4/(-600)). Let y be ((-1197)/(-532))/((-1)/20*-3). What is the highest common divisor of y and k?
15
Suppose 4*x + x + 1893 = 3*n, -2*x = n - 642. What is the greatest common factor of 12 and n?
12
Suppose -43 = -h - 42. What is the greatest common divisor of 1 and h?
1
Let r(k) = k**3 + 8*k**2 + 9*k + 6. Let j be r(-6). Suppose -2*o + 0*o = 8, -5*m + 80 = -5*o. What is the greatest common factor of m and j?
12
Suppose -5*t = n - 160, 8*n - 661 = 4*n + t. Calculate the greatest common factor of n and 15.
15
Let j be (-51)/(138/(-24) - -5). What is the highest common divisor of j and 12?
4
Suppose -8*l + 1 = -55. Suppose l*s - 2*s = 95. Calculate the greatest common divisor of s and 190.
19
Let l(p) = p**2 - 7. Let c be l(3). Suppose 0 = -m + 5*o + 22, c*m = 4*o - o + 16. Suppose 0 = -f + m*f - 28. What is the highest common factor of 7 and f?
7
Suppose 357 = y + u, 1425 = -y + 5*y + 5*u. What is the highest common factor of 72 and y?
72
Suppose -4*b + v = -371, -2*b - 3*v + 169 = 2*v. What is the greatest common divisor of 138 and b?
46
Suppose 2*n = 51 + 3. Let f = -160 + 169. What is the greatest common divisor of f and n?
9
Suppose 10*t = 24*t - 28. Suppose -5*q + a - 31 = -90, -26 = -t*q + a. Suppose 3*g = 511 - 148. Calculate the greatest common factor of q and g.
11
Let q(o) = -14*o + 65. Let b(h) = -7*h + 33. Let k(t) = -9*b(t) + 4*q(t). Let x be k(15). What is the greatest common factor of 17 and x?
17
Let p(z) = -z**3 - 5*z**2 + 5*z - 10. Let j be p(-6). Let s(i) = -i - 2. Let c be s(j). What is the highest common divisor of c and 4?
2
Let o(k) = 1406*k**3 - 708*k**3 + 4*k**2 - 697*k**3 - 3*k**2 - 3 - 4*k. Suppose b + 6 = -2*b. Let m be o(b). What is the highest common divisor of m and 5?
1
Suppose 60 = 36*d - 32*d. What is the greatest common divisor of d and 6?
3
Let j be 8/(-22) - (-24972)/66. Calculate the highest common factor of 162 and j.
54
Let h = 1927 + -1650. What is the greatest common factor of h and 1?
1
Let s be 408/18 + 5/15 - -3. What is the greatest common factor of s and 91?
13
Let p(h) = -2*h**3 + 23*h**2 - 26*h - 2. Let x be p(10). Calculate the greatest common factor of 133 and x.
19
Let i = 63 + -60. Suppose x - 4*x + i*a + 36 = 0, -3*x + 5*a + 34 = 0. Calculate the highest common factor of x and 65.
13
Let v = -37 + 39. Suppose -29 = -3*i - v*s + 30, 5*s = -10. What is the greatest common factor of i and 14?
7
Suppose 59 = -3*o - 199. Let l be 2*2/(-4) - (0 + o). Calculate the highest common divisor of 17 and l.
17
Suppose -371 + 915 = 8*c. Suppose 5*k - 3*k = 340. What is the greatest common factor of k and c?
34
Suppose 0 = 5*u + 5*j - 1875, -5*j - 2448 = -5*u - 553. Calculate the highest common factor of 29 and u.
29
Suppose -4*x - 144 + 524 = 0. Calculate the highest common divisor of x and 10.
5
Suppose -4*j = -3*k - 281, -10*k - 10 = -12*k. What is the greatest common factor of 259 and j?
37
Let o be 3306/33 + 2/(-11). Let y = o - 4. Calculate the greatest common divisor of y and 12.
12
Let n(p) = -p**2 + 8*p + 9. Let j be n(9). Suppose -r + 30 = -j*r + 2*s, 33 = r + s. Suppose -6*g + 2*g + r = 0. What is the highest common divisor of 18 and g?
9
Suppose 8*o = -5*f + 9*o + 76, o - 68 = -4*f. What is the greatest common divisor of f and 752?
16
Let w(x) = -18*x + 124. Let t be w(6). What is the greatest common divisor of t and 288?
16
Let f be (2/(-3))/(1/(-24)). Suppose 59 + 103 = 6*p. Let b = p + -19. Calculate the greatest common factor of f and b.
8
Let m(q) = 19*q + 143. Let t be m(-5). 